 -1456832?
1456824
In base 4, what is 2102321001301 + 2?
2102321001303
In base 13, what is 10 - -419177?
419187
In base 11, what is 2a85a - -10?
2a86a
In base 15, what is 2 + 640328b?
640328d
In base 7, what is -4325404 - -36?
-4325335
In base 8, what is -37357 + 20?
-37337
In base 10, what is 460 + 472215?
472675
In base 3, what is -210212221102102 + -1?
-210212221102110
In base 16, what is b48 - -90d7?
9c1f
In base 2, what is -110000011 - -101111001001011011?
101111000011011000
In base 7, what is -3326 - 14124?
-20453
In base 2, what is 11001100100010011 + 10101?
11001100100101000
In base 15, what is -cc6a37 + -1?
-cc6a38
In base 2, what is -1000001100101 - 1001000010010?
-10001001110111
In base 2, what is 10000110110110001101010 - 10?
10000110110110001101000
In base 7, what is 21525265 - -64?
21525362
In base 12, what is 4 + -138060b?
-1380607
In base 8, what is 57243464 - 13?
57243451
In base 11, what is -2 - -694020?
694019
In base 2, what is 10111011001011 + 10101101001111?
101101000011010
In base 5, what is 444 - -110434112?
110440111
In base 3, what is -210212110 - -102122?
-210102211
In base 3, what is -101122 - -11010220?
10202021
In base 9, what is -16020 + -401?
-16421
In base 2, what is 10011100101001 - 1000000111010?
1011011101111
In base 16, what is 51df - 7eb4?
-2cd5
In base 4, what is -131 - 32031322313?
-32031323110
In base 11, what is -4 - -5374036?
5374032
In base 12, what is -ab52 + 430?
-a722
In base 12, what is -1899 - 3645?
-5322
In base 9, what is -203 + 111481?
111277
In base 14, what is -11 - 6658b?
-6659c
In base 15, what is 41162 - -13d?
412a0
In base 12, what is 20 - -23362?
23382
In base 15, what is -1b6 + 24045?
23d7e
In base 10, what is -6584 - 449?
-7033
In base 2, what is -1000011 + 10000010010110011?
10000010001110000
In base 4, what is -32322130220 - -323?
-32322123231
In base 4, what is -201 - -10023023123?
10023022322
In base 2, what is -110101101101100 + -10011100111?
-111000001010011
In base 7, what is -2463 + 16115?
13322
In base 2, what is 1001 - 10000000?
-1110111
In base 14, what is -21bb54 + 18?
-21bb3a
In base 12, what is -a - -b946b?
b9461
In base 3, what is 122220 + 210022?
1110012
In base 9, what is -33 - -741883?
741850
In base 8, what is -5525517022 - 3?
-5525517025
In base 3, what is -1010102101222101 + -100?
-1010102101222201
In base 6, what is 5 - 5142444104?
-5142444055
In base 5, what is 131 + 12311002?
12311133
In base 12, what is 7361 - 502?
6a5b
In base 16, what is 401 - 7366?
-6f65
In base 8, what is 437156 + 156?
437334
In base 14, what is 2 + 22834b0?
22834b2
In base 6, what is -34 + -10512250?
-10512324
In base 9, what is -3431 + 47080?
43548
In base 15, what is 23672 - 0?
23672
In base 6, what is 202 + 55334535?
55335141
In base 9, what is 1 - -352877?
352878
In base 11, what is -23 - -349395a?
3493937
In base 13, what is -3aa412b + -6?
-3aa4134
In base 16, what is -1b - -2a49a?
2a47f
In base 8, what is -1242026 - -14?
-1242012
In base 10, what is 302569 - 21?
302548
In base 13, what is 355 + 8c5a3?
8c928
In base 12, what is 6236 - -b00?
7136
In base 8, what is 4 + 62427446?
62427452
In base 7, what is 36 - -3035263?
3035332
In base 7, what is 10023 + 304656?
315012
In base 2, what is 1 - -100001110101100001001100?
100001110101100001001101
In base 6, what is -33215101 - -121?
-33214540
In base 6, what is 434434 + 1014?
435452
In base 8, what is -7734 - -2441?
-5273
In base 14, what is -a + dda3a?
dda30
In base 12, what is 1a + 2204a2?
220500
In base 10, what is 28703042 + 25?
28703067
In base 15, what is -2789 - -3d25?
158b
In base 5, what is -3022441120 - -313?
-3022440302
In base 12, what is -362061 - 39?
-36209a
In base 10, what is 1162 - 109763?
-108601
In base 3, what is -2120212 + -202112122?
-212010111
In base 16, what is 14 - -34b2e3?
34b2f7
In base 16, what is -24450c - 1?
-24450d
In base 4, what is 120110133201 - 30?
120110133111
In base 6, what is 4035534425 - 3?
4035534422
In base 14, what is a - a24144?
-a24138
In base 7, what is -120 - 3261410?
-3261530
In base 2, what is 100 - -101111101101100010111101?
101111101101100011000001
In base 11, what is 4 + 3147032?
3147036
In base 6, what is -23232543 - 51?
-23233034
In base 13, what is -1ab7 + 21acb?
20014
In base 5, what is -201202434 - 10?
-201202444
In base 9, what is -1714 - 208400?
-211214
In base 14, what is -a4 + 165a6?
16502
In base 10, what is -306655 + 17?
-306638
In base 10, what is 10 + -13981367?
-13981357
In base 11, what is 12850 - a?
12841
In base 13, what is 3b2880 - b?
3b2872
In base 15, what is -e5 + -30127?
-3021c
In base 2, what is 100010101100101100000000010 - 1?
100010101100101100000000001
In base 5, what is 4040 + -20?
4020
In base 7, what is -16003630 + 1?
-16003626
In base 4, what is -3211233 - 2210203?
-12022102
In base 7, what is -124 + 55602063?
55601636
In base 10, what is -161 - -564338?
564177
In base 8, what is 117470 + 5572?
125262
In base 15, what is 1c49 - 490?
17a9
In base 5, what is -2214 - -1431442?
1424223
In base 5, what is -3003023330304 + 3?
-3003023330301
In base 7, what is 6140434043 + 4?
6140434050
In base 8, what is 1700 + 1020011?
1021711
In base 15, what is -b0 + 1b56b?
1b4ab
In base 9, what is 16724025 + -1?
16724024
In base 15, what is 5 + 64822b6?
64822bb
In base 15, what is -5 + -162e80?
-162e85
In base 11, what is -281 - 28994?
-29165
In base 12, what is -4 + -12814348?
-12814350
In base 2, what is 110000000001010 - -100001011110?
110100001101000
In base 7, what is 201030 - 1054?
166643
In base 13, what is -1987c4 - -14?
-1987b0
In base 11, what is -21 + -2930a80?
-2930aa1
In base 7, what is -16010 + 135135?
116125
In base 13, what is -22611 + 16?
-225c8
In base 12, what is -23a - -94843?
94605
In base 3, what is -2102111 + -2100000?
-11202111
In base 15, what is a76a - e2?
a678
In base 15, what is -8 - c0e4c?
-c0e55
In base 8, what is -40 - 577652?
-577712
In base 13, what is -6 + 107aa1a?
107aa14
In base 9, what is 10522 + -87275?
-76653
In base 8, what is -52677006 - 2?
-52677010
In base 7, what is 140 - -14535223?
14535363
In base 10, what is -50790666 - 5?
-50790671
In base 14, what is 381350da - -3?
381350dd
In base 3, what is 12221121221221 - 0?
12221121221221
In base 11, what is 37532728 - -4?
37532731
In base 8, what is -14 - 42507062?
-42507076
In base 2, what is -111110010000011110110 - 110?
-111110010000011111100
In base 6, what is -532 + -511314?
-512250
In base 14, what is -ad2868 + 82?
-ad27c6
In base 7, what is -12250 - -103563?
61313
In base 13, what is -137 - 38480a?
-384944
In base 12, what is 52b869 - -105?
52b972
In base 9, what is 0 - -313153728?
313153728
In base 2, what is 10011111111100101 - 101111011?
10011111001101010
In base 7, what is 31611 - 20560?
11021
In base 2, what is -1000 - -10011101001001111100001?
10011101001001111011001
In base 14, what is 19d6 - -28c47?
2a83d
In base 3, what is -120011211010012 + 20?
-120011211002222
In base 7, what is -113200 + 1205?
-111662
In base 9, what is 158 + 17272?
17441
In base 4, what is -22 + -102320303?
-102320331
In base 14, what is -2 + 263077?
263075
In base 3, what is -201 - -100201012122211?
100201012122010
In base 11, what is -5 + -895053?
-895058
In base 5, what is -3112231 + -32?
-3112313
In base 7, what is -1111435243 - 0?
-1111435243
In base 9, what is -16361466 + 5?
-16361461
In base 5, what is 12220244 + 43244?
12314043
In base 14, what is 607 - 759?
-152
In base 14, what is -6 + -382373?
-382379
In base 13, what is -8 + -617c0?
-617c8
In base 4, what is 301 + -103003301?
-103003000
In base 4, what is -10 + -21330211101200?
-21330211101210
In base 5, what is 1324 - -124210003?
124211332
In base 9, what is -5385 - -326?
-5058
In base 7, what is 222053010 - -4?
222053014
In base 16, what is 1467 - -143c?
28a3
In base 13, what is -3b - 8ab87a?
-8ab8b8
In base 5, what is -113224023114 - -10?
-113224023104
In base 7, what is -2445120622 + -1?
-2445120623
In base 10, what is -2599932 + 1?
-2599931
In base 8, what is -31214250 - -21?
-31214227
In base 14, what is -a4862 - -66?
-a47da
In base 2, what is 110010111 + -1011000101000011?
-1010111110101100
In base 9, what is -64683482 - -13?
-64683468
In base 15, what is 1eded9 + -7?
1eded2
In base 16, what is -31f1d + 17e?
-31d9f
In base 7, 